76 (base 8) in base 4?
101100222332
5012310 (base 6) to base 3
102221112020
4a131 (base 11) to base 16
1195d
1330201 (base 4) to base 5
223334
4259a (base 16) to base 7
2211222
-21121121212 (base 3) to base 9
-247555
Convert 2637133 (base 9) to base 11.
8a54a6
Convert -2011100010002 (base 3) to base 4.
-10120111202
-11011001011010110111 (base 2) to base 3
-1200020121101
What is 504500512 (base 6) in base 3?
121020010120222
What is 678d3 (base 14) in base 15?
4e78c
What is 150250 (base 9) in base 11?
63192
What is -1314250 (base 7) in base 5?
-21000401
What is 23043131 (base 6) in base 7?
5666341
189bb0 (base 14) to base 6
30405434
111010110001101001 (base 2) to base 15
4b4ea
What is -4346135 (base 7) in base 14?
-dc21c
What is 3243333 (base 6) in base 4?
213123021
Convert 302123223211 (base 4) to base 6.
1151210221
d028c (base 15) to base 12
279243
What is -593128 (base 12) in base 13?
-3b38b8
Convert 6c4dd7 (base 15) to base 6.
303011121
Convert aa542 (base 11) to base 7.
1235361
Convert 825449 (base 10) to base 9.
1487265
What is -2084 (base 16) in base 12?
-4998
What is 4c5b4 (base 13) in base 3?
21012020110
What is 143020234 (base 5) in base 11?
473528
What is 140188 (base 16) in base 6?
44033544
384634 (base 12) to base 7
10551541
-47c53 (base 13) to base 10
-131719
Convert -939d4 (base 15) to base 13.
-135010
2cd929 (base 14) to base 6
53423321
Convert 12003321133 (base 4) to base 8.
6037137
-24240424 (base 5) to base 7
-1635412
118a4 (base 11) to base 6
210542
What is 1754511 (base 15) in base 4?
1000300003000
What is -186572 (base 15) in base 9?
-2206618
Convert 10010101010110010 (base 2) to base 9.
125802
What is -53467 (base 10) in base 15?
-10c97
422223330 (base 5) to base 4
12231030031
What is 21335056 (base 7) in base 10?
1824115
Convert -5366975 (base 10) to base 14.
-9d9c75
What is -719847 (base 11) in base 16?
-119fb4
2a0311 (base 13) to base 10
1028717
What is -2034300 (base 6) in base 15?
-1e14c
Convert -12210102201112 (base 3) to base 6.
-145555022
210020121 (base 4) to base 12
71789
Convert 52250401 (base 6) to base 10.
1515169
25415250 (base 6) to base 14
177406
Convert 1030033031 (base 4) to base 5.
34443034
What is 1b04cc (base 14) in base 5?
221230424
What is 265a7b (base 14) in base 6?
44200021
What is 291b4 (base 13) in base 9?
126820
Convert -6316663 (base 11) to base 7.
-163440205
What is 2a79803 (base 12) in base 3?
121020001100210
What is 2321313113 (base 4) in base 2?
10111001110111010111
Convert -402404321 (base 5) to base 12.
-655a70
-3413333 (base 5) to base 4
-32300310
What is -233121110032 (base 4) in base 10?
-12424462
Convert 2002100102 (base 3) to base 9.
62312
Convert 782110 (base 11) to base 16.
13082f
3233442132 (base 5) to base 4
122131221033
What is -16b1a6 (base 13) in base 14?
-10a975
What is 4b0b0 (base 15) in base 2?
111010100010101110
What is 12078b (base 14) in base 11?
390a18
632220 (base 7) to base 8
324453
Convert -133030033 (base 4) to base 9.
-214224
Convert 4958d (base 16) to base 5.
34103204
Convert 34626 (base 12) to base 16.
1117e
289448 (base 16) to base 7
31414232
Convert -111100110011100011000 (base 2) to base 7.
-22635646
509e0 (base 16) to base 9
552857
140b8 (base 14) to base 4
30012102
What is 643426 (base 11) in base 10?
1029375
11004202110 (base 5) to base 3
211011212210110
4852822 (base 11) to base 7
131556655
Convert 542640 (base 7) to base 4.
113012313
-15002023 (base 7) to base 2
-101011000110110001011
Convert 1e7997 (base 15) to base 9.
2726237
634984 (base 10) to base 8
2330150
121210112121 (base 3) to base 14
886c7
What is 13302320200 (base 4) in base 6?
111444144
332233011 (base 5) to base 6
50554250
Convert 10033343 (base 6) to base 14.
75a11
What is -11100222211111 (base 3) in base 4?
-20313000220
Convert -1565680 (base 13) to base 4.
-122030130313
-281aa (base 13) to base 4
-102103333
What is 7723a9 (base 11) in base 9?
2278306
What is 130cf (base 16) in base 3?
10222001001
Convert 100100100101110110111101 (base 2) to base 6.
541332325
Convert 33031202 (base 6) to base 13.
285b2a
Convert b2d60 (base 14) to base 5.
102240241
Convert 968288 (base 11) to base 4.
11322000003
-1582685 (base 9) to base 14
-18d1c7
What is a511b (base 16) in base 3?
1021100110121
What is 12103122 (base 4) in base 10?
25818
322244 (base 7) to base 4
31223213
Convert -42986c (base 15) to base 12.
-108b103
52812 (base 12) to base 14
2b67c
Convert 10a90a (base 11) to base 12.
85658
What is 633575 (base 9) in base 11?
237a78
460402 (base 10) to base 12
1a252a
Convert 13212213 (base 5) to base 11.
90347
Convert -92d55c (base 15) to base 10.
-6980712
Convert 2063364 (base 9) to base 14.
20a85a
Convert 19586a5 (base 11) to base 2.
1100100111000011110010
What is -3b604 (base 12) in base 2?
-10100000010100100
What is 2114220 (base 5) in base 10?
35560
2b86a (base 13) to base 7
463123
Convert -59075 (base 13) to base 8.
-475562
-12291a (base 15) to base 5
-210310200
-444700 (base 8) to base 10
-149952
Convert 11432031 (base 5) to base 10.
108391
Convert 972cc (base 14) to base 13.
ca4b3
Convert 3426 (base 12) to base 7.
22611
Convert -1b361 (base 12) to base 4.
-21310321
Convert -303207 (base 8) to base 6.
-2050503
What is 665040 (base 7) in base 11?
7a996
What is -e8d62 (base 16) in base 5?
-221004243
Convert -42b30 (base 13) to base 11.
-82619
Convert -200221131 (base 4) to base 7.
-1064604
What is -534535 (base 6) in base 14?
-11d91
Convert -30234012 (base 5) to base 12.
-b8767
What is 7675447 (base 9) in base 13?
b15335
-22121111120 (base 3) to base 7
-1304103
Convert 10324504 (base 6) to base 3.
120120222211
Convert -121110202012110 (base 3) to base 7.
-134256543
2153520 (base 6) to base 13
3a461
What is -11230350 (base 6) in base 2?
-1010100100000111010
What is -42244141 (base 7) in base 3?
-20201120210111
-1311332302 (base 4) to base 9
-815804
What is -1b5d65 (base 14) in base 2?
-11101110011101110101
Convert 32f490 (base 16) to base 9.
6248723
Convert -230783 (base 10) to base 14.
-60167
293616 (base 14) to base 11
897aa6
Convert -11001001010111101001001 (base 2) to base 7.
-110041350
43761 (base 8) to base 7
104460
Convert 13ec4 (base 16) to base 3.
11010221101
What is 20001012 (base 5) in base 6?
3203554
Convert 200231233 (base 4) to base 3.
20210210221
-21315 (base 16) to base 12
-66819
Convert -5398297 (base 10) to base 12.
-1984021
Convert -2010001222112 (base 3) to base 11.
-6a8011
Convert 84e03 (base 16) to base 11.
341a01
Convert 43212141 (base 5) to base 10.
366546
What is -54b4e0 (base 15) in base 16?
-3d9bea
What is -211310110 (base 5) in base 9?
-1588026
What is -11120002121122 (base 3) in base 12?
-98a198
Convert 4e59f (base 16) to base 3.
121022020012
What is -80847 (base 11) in base 15?
-25017
What is 22556327 (base 9) in base 3?
202121220100221
What is 18833 (base 14) in base 9?
104017
-58c4f8 (base 16) to base 8
-26142370
What is -e46b24 (base 15) in base 10?
-10856509
What is -1215215 (base 6) in base 14?
-197d1
-23433 (base 9) to base 14
-59cb
Convert -10330041131 (base 5) to base 7.
-163660560
Convert a66b2 (base 13) to base 9.
506408
Convert -5147764 (base 9) to base 13.
-752b90
What is -10001011110001111 (base 2) in base 8?
-213617
What is -83037 (base 11) in base 7?
-1013145
533da (base 15) to base 5
31423010
40604152 (base 7) to base 10
3396472
Convert 269a695 (base 11) to base 16.
4708e9
Convert -73287 (base 10) to base 2.
-10001111001000111
-1144031 (base 5) to base 2
-101010100000110
-dd5b3c (base 14) to base 8
-34506152
110424434 (base 5) to base 4
1311330233
What is -426320 (base 7) in base 5?
-4333444
9380b (base 15) to base 3
212202101002
203632556 (base 7) to base 5
11032212231
What is 740373 (base 12) in base 2?
110111101101000000111
What is 13312333 (base 4) in base 15?
9811
Convert 5103601 (base 7) to base 9.
1123711
What is 10332133330 (base 4) in base 6?
43543404
What is -26523555 (base 9) in base 8?
-61656571
Convert -512452 (base 6) to base 14.
-10c12
What is -23c22 (base 14) in base 16?
-15596
-123304004 (base 5) to base 9
-1120018
Convert 2698061 (base 11) to base 4.
101233232020
Convert -100101111101001010 (base 2) to base 4.
-211331022
What is 211725 (base 10) in base 2?
110011101100001101
1544134 (base 6) to base 15
1c247
What is 110212102 (base